 prime factors of 152?
2, 19
What are the prime factors of 165?
3, 5, 11
What are the prime factors of 1660?
2, 5, 83
What are the prime factors of 14953?
19, 787
List the prime factors of 103719.
3, 7, 11, 449
List the prime factors of 10041.
3, 3347
What are the prime factors of 53172?
2, 3, 7, 211
What are the prime factors of 31435?
5, 6287
List the prime factors of 425.
5, 17
List the prime factors of 13329.
3, 1481
What are the prime factors of 26231?
17, 1543
List the prime factors of 400.
2, 5
List the prime factors of 908.
2, 227
What are the prime factors of 823?
823
What are the prime factors of 84051?
3, 11, 283
What are the prime factors of 136?
2, 17
List the prime factors of 32128.
2, 251
What are the prime factors of 57251?
57251
List the prime factors of 32389.
7, 661
List the prime factors of 854.
2, 7, 61
List the prime factors of 9968.
2, 7, 89
List the prime factors of 176.
2, 11
What are the prime factors of 1800?
2, 3, 5
What are the prime factors of 1069?
1069
What are the prime factors of 5692?
2, 1423
List the prime factors of 815.
5, 163
What are the prime factors of 18817?
31, 607
List the prime factors of 4736.
2, 37
List the prime factors of 15781.
43, 367
List the prime factors of 356.
2, 89
What are the prime factors of 4920?
2, 3, 5, 41
What are the prime factors of 16734?
2, 3, 2789
List the prime factors of 27730.
2, 5, 47, 59
What are the prime factors of 1861?
1861
What are the prime factors of 1534?
2, 13, 59
List the prime factors of 951.
3, 317
List the prime factors of 24435.
3, 5, 181
List the prime factors of 4393.
23, 191
List the prime factors of 37301.
11, 3391
What are the prime factors of 2019?
3, 673
List the prime factors of 21800.
2, 5, 109
List the prime factors of 215.
5, 43
What are the prime factors of 2514?
2, 3, 419
List the prime factors of 1570.
2, 5, 157
List the prime factors of 112.
2, 7
List the prime factors of 8266.
2, 4133
What are the prime factors of 12492?
2, 3, 347
What are the prime factors of 542?
2, 271
List the prime factors of 1697.
1697
List the prime factors of 1644.
2, 3, 137
What are the prime factors of 290?
2, 5, 29
What are the prime factors of 4565?
5, 11, 83
List the prime factors of 3183.
3, 1061
What are the prime factors of 76?
2, 19
What are the prime factors of 10012?
2, 2503
List the prime factors of 11088.
2, 3, 7, 11
List the prime factors of 80912.
2, 13, 389
What are the prime factors of 124?
2, 31
What are the prime factors of 45793?
11, 23, 181
List the prime factors of 32853.
3, 47, 233
List the prime factors of 420.
2, 3, 5, 7
What are the prime factors of 132?
2, 3, 11
List the prime factors of 6875.
5, 11
What are the prime factors of 1638?
2, 3, 7, 13
What are the prime factors of 2393?
2393
What are the prime factors of 63939?
3, 21313
List the prime factors of 8473.
37, 229
List the prime factors of 5164.
2, 1291
List the prime factors of 3012.
2, 3, 251
List the prime factors of 720.
2, 3, 5
What are the prime factors of 7138?
2, 43, 83
List the prime factors of 7907.
7907
What are the prime factors of 19094?
2, 9547
List the prime factors of 31848.
2, 3, 1327
What are the prime factors of 563?
563
List the prime factors of 157373.
241, 653
What are the prime factors of 3948?
2, 3, 7, 47
What are the prime factors of 52826?
2, 61, 433
List the prime factors of 1296.
2, 3
What are the prime factors of 18170?
2, 5, 23, 79
List the prime factors of 13646.
2, 6823
What are the prime factors of 5240?
2, 5, 131
What are the prime factors of 147704?
2, 37, 499
What are the prime factors of 3542?
2, 7, 11, 23
List the prime factors of 5027.
11, 457
List the prime factors of 1049.
1049
What are the prime factors of 120?
2, 3, 5
List the prime factors of 16785.
3, 5, 373
List the prime factors of 14259.
3, 7, 97
What are the prime factors of 75129?
3, 79, 317
What are the prime factors of 1411?
17, 83
List the prime factors of 27188.
2, 7, 971
What are the prime factors of 23530?
2, 5, 13, 181
What are the prime factors of 477?
3, 53
List the prime factors of 1852.
2, 463
List the prime factors of 55897.
55897
List the prime factors of 13778.
2, 83
What are the prime factors of 2893?
11, 263
List the prime factors of 582.
2, 3, 97
List the prime factors of 2342.
2, 1171
What are the prime factors of 1685?
5, 337
What are the prime factors of 42476?
2, 7, 37, 41
List the prime factors of 614.
2, 307
What are the prime factors of 2947?
7, 421
What are the prime factors of 45763?
45763
List the prime factors of 14027.
13, 83
What are the prime factors of 4915?
5, 983
What are the prime factors of 24110?
2, 5, 2411
What are the prime factors of 822?
2, 3, 137
What are the prime factors of 1855?
5, 7, 53
List the prime factors of 204.
2, 3, 17
What are the prime factors of 1286?
2, 643
What are the prime factors of 4712?
2, 19, 31
What are the prime factors of 389?
389
What are the prime factors of 31260?
2, 3, 5, 521
List the prime factors of 3165.
3, 5, 211
List the prime factors of 650.
2, 5, 13
What are the prime factors of 126628?
2, 31657
What are the prime factors of 49131?
3, 53, 103
List the prime factors of 23691.
3, 53, 149
What are the prime factors of 27383?
139, 197
List the prime factors of 2458.
2, 1229
What are the prime factors of 5503?
5503
List the prime factors of 1101.
3, 367
List the prime factors of 634.
2, 317
List the prime factors of 12667.
53, 239
What are the prime factors of 4889?
4889
What are the prime factors of 3738?
2, 3, 7, 89
What are the prime factors of 1529?
11, 139
List the prime factors of 1065.
3, 5, 71
List the prime factors of 11362.
2, 13, 19, 23
What are the prime factors of 916?
2, 229
List the prime factors of 1883.
7, 269
List the prime factors of 1753.
1753
What are the prime factors of 20665?
5, 4133
List the prime factors of 7311.
3, 2437
What are the prime factors of 432?
2, 3
What are the prime factors of 3143?
7, 449
What are the prime factors of 3182?
2, 37, 43
List the prime factors of 708.
2, 3, 59
List the prime factors of 6037.
6037
List the prime factors of 990.
2, 3, 5, 11
List the prime factors of 7162.
2, 3581
List the prime factors of 820.
2, 5, 41
What are the prime factors of 181?
181
What are the prime factors of 25672?
2, 3209
List the prime factors of 1018.
2, 509
List the prime factors of 4519.
4519
What are the prime factors of 5256?
2, 3, 73
List the prime factors of 732.
2, 3, 61
List the prime factors of 7994.
2, 7, 571
What are the prime factors of 4346?
2, 41, 53
What are the prime factors of 835?
5, 167
What are the prime factors of 261?
3, 29
What are the prime factors of 691?
691
What are the prime factors of 886?
2, 443
What are the prime factors of 1324?
2, 331
What are the prime factors of 228?
2, 3, 19
List the prime factors of 81527.
81527
List the prime factors of 121524.
2, 3, 13, 19, 41
What are the prime factors of 16849?
7, 29, 83
List the prime factors of 1399.
1399
What are the prime factors of 765?
3, 5, 17
List the prime factors of 61497.
3, 6833
List the prime factors of 16883.
16883
What are the prime factors of 6650?
2, 5, 7, 19
List the prime factors of 3458.
2, 7, 13, 19
List the prime factors of 79458.
2, 3, 17, 19, 41
What are the prime factors of 63526?
2, 23, 1381
List the prime factors of 6110.
2, 5, 13, 47
What are the prime factors of 2132?
2, 13, 41
What are the prime factors of 1131?
3, 13, 29
What are the prime factors of 70633?
23, 37, 83
List the prime factors of 4645.
5, 929
List the prime factors of 28256.
2, 883
What are the prime factors of 23967?
3, 2663
List the prime factors of 44084.
2, 103, 107
List the prime factors of 5708.
2, 1427
What are the prime factors of 2552?
2, 11, 29
List the prime factors of 5153.
5153
What are the prime factors of 1139?
17, 67
List the prime factors of 72737.
7, 10391
List the prime factors of 633.
3, 211
List the prime factors of 1428.
2, 3, 7, 17
List the prime factors of 36582.
2, 3, 7, 13, 67
List the prime factors of 81895.
5, 11, 1489
What are the prime factors of 40874?
2, 107, 191
List the prime factors of 4804.
2, 1201
What are the prime factors of 24647?
7, 503
List the prime factors of 1252.
2, 313
What are the prime factors of 468?
2, 3, 13
What are the prime factors of 1300?
2, 5, 13
What 